{"id":55,"date":"2026-01-27T17:53:48","date_gmt":"2026-01-27T16:53:48","guid":{"rendered":"https:\/\/vigivespa.be\/?page_id=55"},"modified":"2026-01-28T17:22:31","modified_gmt":"2026-01-28T16:22:31","slug":"devenir-membre","status":"publish","type":"page","link":"https:\/\/vigivespa.be\/index.php\/devenir-membre\/","title":{"rendered":"Devenir membre"},"content":{"rendered":"<div class=\"et_pb_section_0 et_pb_section et_section_regular et_block_section\">\n<div class=\"et_pb_row_0 et_pb_row et_flex_row\">\n<div class=\"et_pb_column_0 et_pb_column et-last-child et_flex_column et_pb_css_mix_blend_mode_passthrough et_flex_column_24_24 et_flex_column_24_24_tablet et_flex_column_24_24_phone\">\n<div class=\"et_pb_text_0 et_pb_text et_pb_bg_layout_light et_pb_module et_flex_module\"><div class=\"et_pb_text_inner\"><h2 data-start=\"216\" data-end=\"257\">\ud83d\udc1d Ensemble contre le frelon asiatique<\/h2>\n<p data-start=\"259\" data-end=\"433\">Le frelon asiatique est une menace r\u00e9elle pour la biodiversit\u00e9, les abeilles, l\u2019agriculture et la s\u00e9curit\u00e9 de tous. Face \u00e0 ce danger, <strong data-start=\"393\" data-end=\"432\">l\u2019action collective est essentielle<\/strong>.<\/p>\n<p data-start=\"435\" data-end=\"557\">En devenant <strong data-start=\"447\" data-end=\"471\">membre de notre ASBL<\/strong>, vous participez concr\u00e8tement \u00e0 la lutte contre l\u2019expansion de cette esp\u00e8ce invasive.<\/p>\n<h3 data-start=\"559\" data-end=\"588\">Pourquoi devenir membre ?<\/h3>\n<p data-start=\"589\" data-end=\"864\">\u2714\ufe0f Vous soutenez des actions de terrain efficaces et responsables<br data-start=\"654\" data-end=\"657\" \/>\u2714\ufe0f Vous contribuez \u00e0 la protection des pollinisateurs et de l\u2019environnement<br data-start=\"732\" data-end=\"735\" \/>\u2714\ufe0f Vous permettez la sensibilisation du public et des autorit\u00e9s<br data-start=\"798\" data-end=\"801\" \/>\u2714\ufe0f Vous rejoignez une communaut\u00e9 engag\u00e9e, locale et solidaire<\/p>\n<p data-start=\"866\" data-end=\"1002\">Chaque adh\u00e9sion compte. <strong data-start=\"890\" data-end=\"936\">Votre soutien nous donne les moyens d\u2019agir<\/strong>, d\u2019intervenir rapidement et de d\u00e9velopper des solutions durables.<\/p>\n<h3 data-start=\"1004\" data-end=\"1034\">\ud83d\udc9b Adh\u00e9rez d\u00e8s aujourd\u2019hui<\/h3>\n<p data-start=\"1035\" data-end=\"1153\">Devenir membre, c\u2019est poser un geste simple mais impactant pour la nature, la biodiversit\u00e9 et les g\u00e9n\u00e9rations futures.<\/p>\n<p data-start=\"1155\" data-end=\"1225\">\ud83d\udc49 <strong data-start=\"1158\" data-end=\"1225\">Rejoignez-nous et agissez avec nous contre le frelon asiatique.<\/strong><\/p>\n<\/div><\/div>\n<\/div>\n<\/div>\n<\/div>","protected":false},"excerpt":{"rendered":"","protected":false},"author":1,"featured_media":0,"parent":0,"menu_order":0,"comment_status":"closed","ping_status":"closed","template":"","meta":{"footnotes":""},"class_list":["post-55","page","type-page","status-publish","hentry"],"_links":{"self":[{"href":"https:\/\/vigivespa.be\/index.php\/wp-json\/wp\/v2\/pages\/55","targetHints":{"allow":["GET"]}}],"collection":[{"href":"https:\/\/vigivespa.be\/index.php\/wp-json\/wp\/v2\/pages"}],"about":[{"href":"https:\/\/vigivespa.be\/index.php\/wp-json\/wp\/v2\/types\/page"}],"author":[{"embeddable":true,"href":"https:\/\/vigivespa.be\/index.php\/wp-json\/wp\/v2\/users\/1"}],"replies":[{"embeddable":true,"href":"https:\/\/vigivespa.be\/index.php\/wp-json\/wp\/v2\/comments?post=55"}],"version-history":[{"count":4,"href":"https:\/\/vigivespa.be\/index.php\/wp-json\/wp\/v2\/pages\/55\/revisions"}],"predecessor-version":[{"id":130,"href":"https:\/\/vigivespa.be\/index.php\/wp-json\/wp\/v2\/pages\/55\/revisions\/130"}],"wp:attachment":[{"href":"https:\/\/vigivespa.be\/index.php\/wp-json\/wp\/v2\/media?parent=55"}],"curies":[{"name":"wp","href":"https:\/\/api.w.org\/{rel}","templated":true}]}}